digit of c?
2
Suppose -4554 = 39*y - 576. Suppose 0 = 2*k - 57 + 381. Let s = y - k. What is the units digit of s?
0
Let v(k) = -k**2 + 13*k - 7. Let m(y) = 2*y + 5. Let t(g) = -6*g - 14. Let o(x) = 17*m(x) + 6*t(x). Let j be o(-4). What is the units digit of v(j)?
9
Let j be 6/(-9) + 34/6. Suppose 2*b = 5*y - 29, j*b - b = 3*y - 23. Suppose d = -7*h + 2*h + 20, 3*d + y*h - 70 = 0. What is the units digit of d?
5
Let i be (-18)/72*(0 + 4). What is the tens digit of i + 320/((-25)/(-5))?
6
Suppose 4*m + 12 - 100 = 0. Let y = m + -22. Suppose y = -5*d + 3*t + 148, 6*d - 156 = d + t. What is the tens digit of d?
3
Suppose 38764 = 32*f - 39220. What is the tens digit of f?
3
Let s(q) = 13*q - 55. Let p = 34 + -14. What is the units digit of s(p)?
5
Let r(p) = -p**2 + 5*p - 7. Let y be r(6). Suppose 5*l - 13 = -k, -l + 2*k - 5 = -1. What is the units digit of (l - 4)/(2/y)?
3
Let h(i) = i**2 - 3*i + 3. Let b be h(3). Let t be (-328)/(-2)*b/6. Suppose -2*f = -t + 4. What is the units digit of f?
9
Suppose 0*j = 4*j. Suppose j*x + 4*x - 16 = 0. Suppose -2*a + b = 4*b - 33, -x*a + 57 = 3*b. What is the units digit of a?
2
Let y = 321 + -101. Suppose 2*o = 4*a + 458, -3*o + 3*a - y = -919. What is the tens digit of o?
3
Suppose -j - 2 = 6. Let g(q) = -8*q**2 - 15*q - 1. Let b(z) = -9*z**2 - 14*z. Let s(o) = 5*b(o) - 6*g(o). What is the units digit of s(j)?
8
Let j(d) = d**3 - 5*d**2 + 6*d - 4. Let z be j(4). Suppose v + z*v = 100. Suppose -5*i = 3*r - 32, -i = 5*r - 66 + v. What is the units digit of r?
9
Let q(c) = -4*c**3 - 77*c**2 + 43*c - 22. What is the thousands digit of q(-21)?
2
Suppose -4 = -q + 5. Let n be 2/(-9) + 47/q. Suppose r - f = 12, 38 = n*r - r + f. What is the tens digit of r?
1
Suppose 4*t + 600 = -11*t. What is the tens digit of (-7184)/t - (-4)/10?
8
Suppose -1962 + 14622 = 10*p. What is the units digit of p?
6
What is the units digit of (-49371)/(-49) + (160/(-35) - -5)?
8
What is the hundreds digit of 1453/5 - 3/((-15)/2)?
2
Let i = 232 + -403. Let n = -109 - i. What is the units digit of n?
2
Suppose -x + 5*x + 5*s = 25345, -x + 6331 = -4*s. What is the tens digit of x?
3
Let h = -5 + 8. Suppose -h*s - 42 = -o + 74, -2*o = 2*s - 224. Suppose 3*v - 20 = -q, 0*v - v + o = 4*q. What is the units digit of q?
9
Let h(u) = u. Let f be h(4). Suppose 3*b - 15 = -g, -g - 9 = -b - f. What is the tens digit of 2/b + 279/15?
1
Suppose -16 = -6*g - 4. Let z(c) = 101*c**g + 4 - 95*c**2 + 0. What is the units digit of z(-3)?
8
Suppose 0 = 2*h + 2*r - 238, 5*h - 2*h = -5*r + 359. Let z = h + 23. What is the tens digit of z?
4
Let p(x) = 18*x + 9. Let z(h) = -91*h - 45. Let l(v) = -11*p(v) - 2*z(v). What is the units digit of l(-3)?
9
Let d = -32 - -34. Let q(p) = p**3 - p**2 - 4*p - 1. Let c be q(4). Suppose 3*b = d*b + c. What is the tens digit of b?
3
Suppose -z + l + 4 = -3*l, 4*z = l - 29. Let h = 27 + -8. Let k = h + z. What is the units digit of k?
1
Let y = -590 + 1108. What is the units digit of y?
8
Suppose -2 + 112 = -c. Let q = -102 - c. What is the units digit of q?
8
Let n be (-1)/(-2) + (-2072)/(-16). Suppose 9*y - n = 4*y - 2*k, 0 = 3*y - 2*k - 62. What is the tens digit of y?
2
Let v(b) = -b**2 - 5*b + 3. Let y be v(2). Let r = y + 8. What is the units digit of (-5)/r*(9 - -3)?
0
Let z = -3 + 36. Let i = 49 - z. What is the units digit of i?
6
Let m(x) be the second derivative of x**4/6 - 5*x**3/6 + 5*x**2/2 - 8*x. What is the units digit of m(4)?
7
Let i(o) be the second derivative of 3*o**4/4 - 5*o**3/6 - 3*o**2/2 + 2*o. What is the units digit of i(3)?
3
Let r(c) = -5*c**2 + 23*c - 3. Let d be r(8). Let o = -47 - d. What is the tens digit of o?
9
Let v = 25 - 19. Suppose n - v*n + 205 = 0. Let m = 62 - n. What is the units digit of m?
1
Let c = 73 + -67. What is the tens digit of ((-128)/c)/(78/18 + -5)?
3
Let r(t) = -4*t + 12. Let j be r(0). Suppose -j = 5*x - 17. What is the units digit of x?
1
Let i(w) = -681*w**3 + w**2 - 28*w - 28. What is the tens digit of i(-1)?
8
Let m be ((-4)/8)/(3/78). Let s = m - -16. Suppose 19 - s = a. What is the units digit of a?
6
What is the hundreds digit of (-80903)/(-34) - 39/(-6)?
3
Suppose 5*r - 15 + 366 = 2*m, 2*m = -r + 333. What is the tens digit of ((-112)/m)/(730/(-726) - -1)?
2
Suppose 0 = -4*l + 3 - 27. Let w be 9/l*80/(-6). Suppose 2*q - 75 = -j, -3*q + 91 + w = 3*j. What is the tens digit of q?
3
Suppose 40*y - 510 = 38*y. Suppose -6*g - y = -9*g. What is the tens digit of g?
8
Suppose -2*d = y - 64 - 68, -2*d = 2*y - 272. Suppose y = -4*m + 11*m. What is the units digit of m?
0
Let q(n) be the second derivative of 3/2*n**3 + 6*n + 0 - 13/2*n**2. What is the units digit of q(7)?
0
Let w = -6 + 24. What is the units digit of 6/w*(45 + 0)?
5
Suppose 0 = -5*y + 2*a + 2602, 0*a = 4*y - 2*a - 2082. What is the tens digit of y?
2
Let c(q) = -q**3 + 10*q**2 + 15*q - 13. Suppose -o + 0*o + g = -13, 0 = o + 5*g - 1. Suppose -5*w + 4*w + o = 0. What is the units digit of c(w)?
1
Suppose k = -6*d + 2*d - 167, 5*d - 3*k = -196. Let x = 175 + -104. Let v = d + x. What is the units digit of v?
0
Suppose -5*k = -4*i - 0*i + 45, -2*i + k = -15. Suppose -n + i*n = 116. What is the units digit of n?
9
Let d be 4/16*3*(-16)/(-6). Suppose 0 = -d*v - i + 32, 0*v + i - 86 = -5*v. What is the tens digit of v?
1
Suppose 12 + 8 = 5*b. Let x = b - 0. What is the units digit of 4/(0 + x) + 1?
2
Suppose y - 12 = 30. Let p be 1 + -3 + 4*4. Let h = y - p. What is the units digit of h?
8
Suppose 2*l - 3 = l. Suppose -u = 3*v - 146, 2*u - 3*u = -l*v + 142. What is the units digit of 2/(-1) - v/(-6)?
6
Let v = 6 - 4. Let m(f) = -f**3 + f + 1. Let d be m(v). What is the units digit of (-20)/(-12)*(-150)/d?
0
Let h(l) = 6*l**2 - 34 + 43 - 11*l - 4*l**2 - 10*l. Let b be h(9). What is the tens digit of 1/3*(b + 177)?
5
Suppose -351 = -5*z - 96. Let h = 42 - 71. Let p = h + z. What is the tens digit of p?
2
Let u(p) = -p**2 - 8*p - 4. Let i(o) = 2*o**2 + 17*o + 8. Let z(q) = -6*i(q) - 13*u(q). Let n be z(-3). Suppose 2*f = n*f - 100. What is the tens digit of f?
2
Let k = 24 + 5. Let l = 30 - k. Suppose x = -2, -z - l = 4*x + 5. What is the units digit of z?
2
Let g = -1 - -2. Let p be (2 - 1)/g*10. What is the units digit of (6/10)/(p/100)?
6
Let y = 61 - -128. What is the tens digit of y?
8
Let a(q) be the first derivative of q**3/3 - 4*q**2 + 13*q + 516. Suppose 0 = -3*w + 3*j + 15, -4*w - 4 = -5*w + 2*j. What is the units digit of a(w)?
1
Let o(h) = 24 - 35 + 13*h + 20. What is the units digit of o(5)?
4
Suppose 1950 + 402 = 14*u. What is the hundreds digit of u?
1
Let u = 313 + 233. What is the tens digit of u?
4
Suppose -84 = p + 3*p. Let b be -14*(3 - p/(-6)). Suppose l = 3*x - 103, 2*l = -x + b + 18. What is the units digit of x?
3
Let h(o) = -o**3 + 10*o**2 - o + 14. Let v be h(10). Suppose -l = 5*u + 20, 3*u = l + v*u. What is the units digit of l?
5
Suppose 4*j - 1074 = 2*d - 9494, 2*d - j = 8429. What is the hundreds digit of d?
2
Let a be 10/3*2/(-10)*-6. Suppose -2*o - 3*o - a*c + 594 = 0, 0 = -4*o + 2*c + 496. What is the tens digit of o?
2
What is the thousands digit of (-10569)/(-6) - (-20)/8?
1
Suppose 11*z = 4*p + 7*z - 11396, -4*z - 14243 = -5*p. What is the hundreds digit of p?
8
Let h be 10/2*(5 + -4). Suppose h*k = -5*f - 10, -k + 0*f - 18 = 5*f. Suppose k*c = -2*c + 3*s + 79, -s - 63 = -3*c. What is the tens digit of c?
2
What is the tens digit of 4/(354/(-126) - -3)?
2
Let b(w) = -w**3 + 8*w**2 - w. Suppose 0 = 2*z - 6. Suppose 2*l - 11 = -z. What is the units digit of b(l)?
0
Suppose 5*m - a - 170 = 3*a, 3*a = 5*m - 165. Let b = -21 + m. What is the units digit of b?
9
Let n(q) = -97*q + 5. Let h be n(-2). Suppose 2*c = b - 53, -b - 4*c = 2*b - h. What is the tens digit of b?
6
Let l be 280/(-15)*(-1 - (-38)/(-4)). Suppose 299 + l = 5*r. What is the tens digit of r?
9
Let y(b) = -12*b**2 + 3*b + 1. Let q be y(-3). What is the tens digit of 29/q + 0 + 213/4?
5
Let d(w) = w**2 - 4. Let z be d(6). Suppose -s + z = 3*s. What is the units digit of s?
8
Let i = 44 - 56. Let c = 153 + i. What is the units digit of c?
1
What is the units digit of (9898/28 - 19)*20/6?
5
Let c = -339 + 847. What is the hundreds digit of c?
5
Let h = -56 + 57. What is the units digit of -1 - (5 + 3)*(0 - h)?
7